{"id":6672,"date":"2026-01-28T09:04:56","date_gmt":"2026-01-28T09:04:56","guid":{"rendered":"https:\/\/heizungsbau-schaefer.de\/?page_id=6672"},"modified":"2026-01-28T09:20:12","modified_gmt":"2026-01-28T09:20:12","slug":"elementor-6672","status":"publish","type":"page","link":"https:\/\/heizungsbau-schaefer.de\/?page_id=6672","title":{"rendered":"404"},"content":{"rendered":"\t\t<div data-elementor-type=\"wp-page\" data-elementor-id=\"6672\" class=\"elementor elementor-6672\">\n\t\t\t\t<div class=\"elementor-element elementor-element-032a30a e-flex e-con-boxed e-con e-parent\" data-id=\"032a30a\" data-element_type=\"container\" data-e-type=\"container\">\n\t\t\t\t\t<div class=\"e-con-inner\">\n\t\t\t\t<div class=\"elementor-element elementor-element-3c32cff elementor-widget elementor-widget-heading\" data-id=\"3c32cff\" data-element_type=\"widget\" data-e-type=\"widget\" data-widget_type=\"heading.default\">\n\t\t\t\t\t<h2 class=\"elementor-heading-title elementor-size-default\">Diese Seite befindet sich im Aufbau<\/h2>\t\t\t\t<\/div>\n\t\t\t\t\t<\/div>\n\t\t\t\t<\/div>\n\t\t<div class=\"elementor-element elementor-element-e16aa63 e-flex e-con-boxed e-con e-parent\" data-id=\"e16aa63\" data-element_type=\"container\" data-e-type=\"container\">\n\t\t\t\t\t<div class=\"e-con-inner\">\n\t\t<div class=\"elementor-element elementor-element-be956ab e-con-full e-flex e-con e-child\" data-id=\"be956ab\" data-element_type=\"container\" data-e-type=\"container\">\n\t\t\t\t<div class=\"elementor-element elementor-element-6f6010f elementor-widget__width-initial elementor-widget elementor-widget-image\" data-id=\"6f6010f\" data-element_type=\"widget\" data-e-type=\"widget\" data-widget_type=\"image.default\">\n\t\t\t\t\t\t\t\t\t\t\t\t\t\t\t<img fetchpriority=\"high\" decoding=\"async\" width=\"768\" height=\"768\" src=\"https:\/\/heizungsbau-schaefer.de\/wp-content\/uploads\/2025\/11\/13-768x768.png\" class=\"attachment-medium_large size-medium_large wp-image-6173\" alt=\"\" srcset=\"https:\/\/heizungsbau-schaefer.de\/wp-content\/uploads\/2025\/11\/13-768x768.png 768w, https:\/\/heizungsbau-schaefer.de\/wp-content\/uploads\/2025\/11\/13-300x300.png 300w, https:\/\/heizungsbau-schaefer.de\/wp-content\/uploads\/2025\/11\/13-1024x1024.png 1024w, https:\/\/heizungsbau-schaefer.de\/wp-content\/uploads\/2025\/11\/13-150x150.png 150w, https:\/\/heizungsbau-schaefer.de\/wp-content\/uploads\/2025\/11\/13.png 1080w\" sizes=\"(max-width: 768px) 100vw, 768px\" \/>\t\t\t\t\t\t\t\t\t\t\t\t\t\t\t<\/div>\n\t\t\t\t<\/div>\n\t\t<div class=\"elementor-element elementor-element-d8b54f0 e-con-full e-flex e-con e-child\" data-id=\"d8b54f0\" data-element_type=\"container\" data-e-type=\"container\">\n\t\t\t\t<div class=\"elementor-element elementor-element-ba000c3 elementor-widget elementor-widget-text-editor\" data-id=\"ba000c3\" data-element_type=\"widget\" data-e-type=\"widget\" data-widget_type=\"text-editor.default\">\n\t\t\t\t\t\t\t\t\t<h3>Wir arbeiten derzeit an unserer neuen Website, um Ihnen k\u00fcnftig noch bessere Informationen und Services rund um Heizung, Sanit\u00e4r und Klimatechnik anbieten zu k\u00f6nnen.<\/h3><div><br><\/div>\n<h3>Bitte haben Sie noch etwas Geduld und schauen Sie bald wieder vorbei.<\/h3><div><br><\/div>\n<h3>Vielen Dank f\u00fcr Ihr Verst\u00e4ndnis!<\/h3>\t\t\t\t\t\t\t\t<\/div>\n\t\t\t\t<\/div>\n\t\t\t\t\t<\/div>\n\t\t\t\t<\/div>\n\t\t\t\t<\/div>\n\t\t","protected":false},"excerpt":{"rendered":"<p>Diese Seite befindet sich im Aufbau Wir arbeiten derzeit an unserer neuen Website, um Ihnen k\u00fcnftig noch bessere Informationen und Services rund um Heizung, Sanit\u00e4r und Klimatechnik anbieten zu k\u00f6nnen. Bitte haben Sie noch etwas Geduld und schauen Sie bald wieder vorbei. Vielen Dank f\u00fcr Ihr Verst\u00e4ndnis!<\/p>\n","protected":false},"author":1,"featured_media":0,"parent":0,"menu_order":0,"comment_status":"closed","ping_status":"closed","template":"","meta":{"_monsterinsights_skip_tracking":false,"_monsterinsights_sitenote_active":false,"_monsterinsights_sitenote_note":"","_monsterinsights_sitenote_category":0,"footnotes":""},"class_list":["post-6672","page","type-page","status-publish","hentry"],"aioseo_notices":[],"_links":{"self":[{"href":"https:\/\/heizungsbau-schaefer.de\/index.php?rest_route=\/wp\/v2\/pages\/6672","targetHints":{"allow":["GET"]}}],"collection":[{"href":"https:\/\/heizungsbau-schaefer.de\/index.php?rest_route=\/wp\/v2\/pages"}],"about":[{"href":"https:\/\/heizungsbau-schaefer.de\/index.php?rest_route=\/wp\/v2\/types\/page"}],"author":[{"embeddable":true,"href":"https:\/\/heizungsbau-schaefer.de\/index.php?rest_route=\/wp\/v2\/users\/1"}],"replies":[{"embeddable":true,"href":"https:\/\/heizungsbau-schaefer.de\/index.php?rest_route=%2Fwp%2Fv2%2Fcomments&post=6672"}],"version-history":[{"count":5,"href":"https:\/\/heizungsbau-schaefer.de\/index.php?rest_route=\/wp\/v2\/pages\/6672\/revisions"}],"predecessor-version":[{"id":6678,"href":"https:\/\/heizungsbau-schaefer.de\/index.php?rest_route=\/wp\/v2\/pages\/6672\/revisions\/6678"}],"wp:attachment":[{"href":"https:\/\/heizungsbau-schaefer.de\/index.php?rest_route=%2Fwp%2Fv2%2Fmedia&parent=6672"}],"curies":[{"name":"wp","href":"https:\/\/api.w.org\/{rel}","templated":true}]}}